 of 4908905?
0
What is the units digit of 63015?
5
What is the hundred thousands digit of 6528708?
5
What is the ten millions digit of 24441127?
2
What is the thousands digit of 338645?
8
What is the hundred thousands digit of 266373?
2
What is the thousands digit of 4432081?
2
What is the tens digit of 325883?
8
What is the tens digit of 11073792?
9
What is the millions digit of 5480075?
5
What is the units digit of 6770628?
8
What is the millions digit of 3270932?
3
What is the hundreds digit of 134456?
4
What is the ten thousands digit of 156543?
5
What is the millions digit of 1617837?
1
What is the thousands digit of 93204?
3
What is the units digit of 160767?
7
What is the ten thousands digit of 593790?
9
What is the tens digit of 354254?
5
What is the thousands digit of 5405194?
5
What is the hundreds digit of 2198013?
0
What is the thousands digit of 1295348?
5
What is the hundred thousands digit of 764382?
7
What is the ten thousands digit of 871677?
7
What is the ten thousands digit of 6993419?
9
What is the millions digit of 4897182?
4
What is the hundreds digit of 6319310?
3
What is the thousands digit of 656622?
6
What is the hundred thousands digit of 2393947?
3
What is the millions digit of 1812657?
1
What is the tens digit of 4062399?
9
What is the units digit of 840279?
9
What is the ten thousands digit of 7706558?
0
What is the ten thousands digit of 133327?
3
What is the hundreds digit of 7116244?
2
What is the tens digit of 376525?
2
What is the hundred thousands digit of 28460089?
4
What is the tens digit of 34171701?
0
What is the hundred thousands digit of 12285610?
2
What is the ten thousands digit of 32752?
3
What is the hundreds digit of 1117641?
6
What is the hundreds digit of 93951?
9
What is the hundred thousands digit of 3356407?
3
What is the hundred thousands digit of 860564?
8
What is the units digit of 6680450?
0
What is the tens digit of 634518?
1
What is the tens digit of 2032482?
8
What is the hundreds digit of 369048?
0
What is the thousands digit of 267432?
7
What is the hundred thousands digit of 723120?
7
What is the units digit of 45291?
1
What is the tens digit of 1506970?
7
What is the hundred thousands digit of 2630298?
6
What is the ten thousands digit of 276489?
7
What is the millions digit of 16748140?
6
What is the units digit of 619152?
2
What is the units digit of 6052185?
5
What is the hundred thousands digit of 8996701?
9
What is the hundreds digit of 663078?
0
What is the ten thousands digit of 370811?
7
What is the hundreds digit of 1017195?
1
What is the units digit of 13228?
8
What is the millions digit of 7202167?
7
What is the thousands digit of 11516887?
6
What is the units digit of 243808?
8
What is the hundred thousands digit of 1347458?
3
What is the thousands digit of 8142049?
2
What is the tens digit of 11304982?
8
What is the tens digit of 118662?
6
What is the hundred thousands digit of 3727470?
7
What is the tens digit of 5810026?
2
What is the millions digit of 7433222?
7
What is the hundreds digit of 8104115?
1
What is the hundreds digit of 12086014?
0
What is the hundreds digit of 959460?
4
What is the millions digit of 3047665?
3
What is the millions digit of 21055821?
1
What is the thousands digit of 7771825?
1
What is the millions digit of 8667530?
8
What is the hundred thousands digit of 1594473?
5
What is the thousands digit of 943464?
3
What is the units digit of 905660?
0
What is the tens digit of 357140?
4
What is the thousands digit of 1894939?
4
What is the units digit of 448307?
7
What is the units digit of 285155?
5
What is the hundred thousands digit of 219932?
2
What is the ten thousands digit of 37300?
3
What is the thousands digit of 1401692?
1
What is the units digit of 11703847?
7
What is the hundreds digit of 19814282?
2
What is the millions digit of 6846338?
6
What is the units digit of 79654?
4
What is the ten thousands digit of 277153?
7
What is the ten thousands digit of 6948963?
4
What is the ten thousands digit of 822506?
2
What is the hundreds digit of 3984800?
8
What is the hundreds digit of 3689062?
0
What is the tens digit of 126237?
3
What is the hundred thousands digit of 108521?
1
What is the hundreds digit of 1205663?
6
What is the ten thousands digit of 78152?
7
What is the hundred thousands digit of 765958?
7
What is the thousands digit of 8094097?
4
What is the hundred thousands digit of 29892775?
8
What is the ten thousands digit of 17503041?
0
What is the hundreds digit of 354793?
7
What is the hundred thousands digit of 1353194?
3
What is the hundred thousands digit of 1925897?
9
What is the units digit of 30227930?
0
What is the millions digit of 1145735?
1
What is the units digit of 1482000?
0
What is the millions digit of 6185165?
6
What is the ten thousands digit of 87440?
8
What is the ten thousands digit of 1610529?
1
What is the tens digit of 5669174?
7
What is the ten thousands digit of 29714581?
1
What is the units digit of 57042?
2
What is the hundreds digit of 4180989?
9
What is the units digit of 10471401?
1
What is the units digit of 601097?
7
What is the units digit of 1108820?
0
What is the tens digit of 416108?
0
What is the tens digit of 5785445?
4
What is the millions digit of 2924359?
2
What is the tens digit of 3625960?
6
What is the thousands digit of 358050?
8
What is the ten thousands digit of 433272?
3
What is the millions digit of 8612776?
8
What is the hundred thousands digit of 30484534?
4
What is the tens digit of 1166903?
0
What is the units digit of 517414?
4
What is the tens digit of 1497057?
5
What is the hundreds digit of 32829?
8
What is the ten thousands digit of 4160875?
6
What is the ten millions digit of 13823024?
1
What is the millions digit of 11274783?
1
What is the tens digit of 3793835?
3
What is the thousands digit of 34558825?
8
What is the ten thousands digit of 417748?
1
What is the units digit of 343676?
6
What is the units digit of 214023?
3
What is the thousands digit of 3098435?
8
What is the units digit of 798359?
9
What is the ten thousands digit of 453760?
5
What is the tens digit of 636174?
7
What is the hundreds digit of 261167?
1
What is the hundreds digit of 492515?
5
What is the hundred thousands digit of 135762?
1
What is the thousands digit of 219779?
9
What is the hundred thousands digit of 256621?
2
What is the ten thousands digit of 6969724?
6
What is the hundreds digit of 635498?
4
What is the units digit of 275314?
4
What is the thousands digit of 354754?
4
What is the thousands digit of 261277?
1
What is the ten thousands digit of 6932962?
3
What is the tens digit of 1314852?
5
What is the thousands digit of 3715885?
5
What is the units digit of 13574474?
4
What is the ten thousands digit of 12681050?
8
What is the thousands digit of 33539536?
9
What is the ten thousands digit of 3716666?
1
What is the hundreds digit of 7081694?
6
What is the millions digit of 2731752?
2
What is the hundred thousands digit of 5461152?
4
What is the ten thousands digit of 438860?
3
What is the thousands digit of 263878?
3
What is the units digit of 2514816?
6
What is the hundred thousands digit of 456730?
4
What is the tens digit of 17579512?
1
What is the hundreds digit of 18312?
3
What is the thousands digit of 11353832?
3
What is the ten thousands digit of 7210369?
1
What is the units digit of 3964756?
6
What is the tens digit of 3331446?
4
What is the hundreds digit of 1030887?
8
What is the ten thousands digit of 9066965?
6
What is the units digit of 2281961?
1
What is the hundreds digit of 844925?
9
What is the units digit of 1874277?
7
What is the hundreds digit of 275780?
7
What is the hundreds digit of 260777?
7
What is the millions digit of 14531491?
4
What is the ten thousands digit of 13947761?
4
What is the thousands digit of 1234470?
4
What is the millions digit of 1728632?
1
What is the tens digit of 1226128?
2
What is the tens digit of 284675?
7
What is the hundreds digit of 287103?
1
What is the ten thousands digit of 398028?
9
What is the tens digit of 2849510?
1
What is the ten thousands digit of 712539?
1
What is the thousands digit of 6591182?
1
What is the millions digit of 3454272?
3
What is the ten thousands digit of 195282?
9
What is the ten thousands digit 